 55 a prime number?
True
Let b = 2560 + -1094. Is 2/1*b/4 a prime number?
True
Let p = 1282 - 221. Is p composite?
False
Let o be 867 + (-5)/10*0/1. Let m = 248 + o. Is m a composite number?
True
Let g be (1 + 3)/((-6)/(-1731) - 0). Suppose 3*w = 5*f + 859, 0 = -5*w - 2*f + g + 319. Is w prime?
True
Suppose 0 = -2*l - 3*o + 42533, 5*o - 55530 + 161800 = 5*l. Is l a composite number?
True
Let c(w) = 529*w - 37. Is c(8) composite?
True
Let k(y) be the second derivative of 187*y**3/6 + y. Suppose 30*m = 42*m - 12. Is k(m) a prime number?
False
Let l be (-4)/(-6) + (-13)/(-3). Suppose -y + 4*q - 1996 = -l*y, -q + 2002 = 4*y. Is y a prime number?
False
Let o(d) = 2*d**3 - 22*d**2 - 47*d - 1. Is o(15) composite?
True
Suppose 3*s = -4*f + 964, 5*f - 2*f - 323 = -s. Suppose i - s = -5*c, -521 - 140 = -2*i - 3*c. Is i composite?
True
Suppose 0 = -17*s + 25*s + 1616. Let g = s + 1213. Is g composite?
True
Let r(h) be the third derivative of 61*h**5/30 - h**4/24 + h**3/3 + 14*h**2. Is r(-3) composite?
False
Let r be 8*4/8 + -12. Let c(i) = i**3 + 10*i**2 - 8*i + 7. Is c(r) a prime number?
True
Is 12/9 + 163772/12 a composite number?
False
Let r = -4462 + 1848. Let a be 8/(-12) + r/(-6). Suppose 0 = -5*t + 16 + 9, 2*t = 5*d - a. Is d composite?
False
Let k be (-6)/(-9)*-1*171. Let m = 19 - k. Is m composite?
True
Let r(b) = -b - 49. Let f be r(0). Let q be (f/14)/(1/14). Let o = q - -80. Is o a prime number?
True
Let y = -12 + 12. Let s = y + 5. Suppose -3*k = 5*u + 3 - 564, 2*u - s*k - 212 = 0. Is u prime?
False
Let w be (-4668)/(-21) - (-6)/(-21). Suppose -a - 2*j = -74, 0*j = -3*a - 3*j + w. Is a a composite number?
True
Suppose 0 = -5*v + 9*v - 209428. Is v composite?
True
Is ((-12)/(-8))/(444033/(-74006) - -6) prime?
True
Let a = -29 + 31. Suppose 3954 = a*f + 4*p, -3*p = -3*f - 0*f + 5886. Is f a composite number?
True
Let z = 16816 - 8915. Is z prime?
True
Let g(n) = -605*n + 3. Let c(o) = o**2 + 11*o - 16. Let s be c(-12). Let z be (s/(-6) - 1)*6. Is g(z) a prime number?
True
Let y(n) = 327*n + 22. Is y(5) a composite number?
False
Is (-2)/(-3 + (-991)/(-331)*1) prime?
True
Suppose -70*j + 68*j = 0. Suppose 7*m - 3698 - 2189 = j. Is m prime?
False
Suppose 0 = 3*q + 97 - 106. Suppose -u = -1 - 2, 1304 = 5*t + q*u. Is t a prime number?
False
Suppose -8*u + 6*u = 20. Let y be (-96)/30 - 2/u. Is y - (-2 - (2 - -76)) prime?
False
Suppose -3*p + 4*j = -349925, 4*p - 293316 - 173242 = j. Is p a composite number?
False
Is (-1 + (-736 - -3))/((-48)/552) a composite number?
True
Suppose f = 5*s + 9158, -26*f + 21*f - 2*s + 45655 = 0. Is f composite?
False
Let c(h) = 25*h - 7. Suppose 2*m + i - 17 = 0, 3*m + 2*m - 5*i - 50 = 0. Is c(m) composite?
True
Let x = -11 - -114. Suppose -2*n + x = -521. Suppose -3*z = 2*f - 919, -z + 0*z + n = -5*f. Is z composite?
False
Suppose 2*i - 5*c = 11, -3*i + 2*c = 5*c + 36. Let j = 76 - i. Is j composite?
False
Suppose 0 = a - 77 + 75. Suppose -4*f + 434 = k, 5*f - 4*k + a*k = 549. Is f prime?
True
Let o(p) be the first derivative of -105*p**3 + p**2/2 - 7*p + 2. Let l(r) be the first derivative of o(r). Is l(-1) prime?
True
Let o(k) = -6*k + 0*k**2 + 4*k**2 + k + 5. Let x be o(-7). Suppose 4*v - v = 5*d + 177, -4*v = -3*d - x. Is v a composite number?
False
Let t(k) = -244*k + 101*k - 260*k + 10 - 51*k. Let b be t(-5). Suppose -b - 225 = -3*m. Is m prime?
False
Is (234/(-156))/((-3)/4898) composite?
True
Let b be (8 - -3) + (-4)/1. Let a = b + -11. Let c(r) = -r**3 - r**2 - 3*r - 7. Is c(a) a prime number?
True
Let m(v) = 10*v**2 - 7*v - 7. Suppose -3*x - 92 = 2*x + q, -82 = 4*x + 5*q. Let a = x + 12. Is m(a) composite?
True
Let c(r) = 2*r**3 + r**2 + 4*r - 3. Let v(j) = j**3 - j**2 - j - 1. Let o(n) = -c(n) + 4*v(n). Is o(6) prime?
False
Let h = -584 + 12163. Is h a composite number?
False
Let z = 15913 - 8298. Is z composite?
True
Let m = 8155 - 1546. Is m a composite number?
True
Suppose 3*h - 14 + 2 = 0. Suppose -2*y + 22 = -4*y - h*z, 2*y + 16 = -z. Is 3/y - 836/(-7) prime?
False
Let w(m) = 69*m**3 - 2*m**2 + 0*m**2 + 11 + 34*m**3 - 10. Let g be w(-1). Let s = 198 + g. Is s composite?
True
Suppose 0 = -2*s + 4*s - 20. Let o be s/(-4)*20/25. Is o/(-12) + (-11492)/(-24) prime?
True
Let c be (8/(-12))/(4/(-30)). Suppose -c*i = -3*v + 679, -5*v - 4*i - 258 + 1365 = 0. Is v composite?
False
Let b(o) = 133 + 18 + 317 - o + 163. Is b(0) a composite number?
False
Let v = -8128 + 18287. Is v a prime number?
True
Let d = 55 - 91. Is d/9 - (-380 - 1) composite?
True
Let a(c) = 446*c**2 + 22*c + 25. Is a(-6) a composite number?
True
Suppose -3*l + 34323 = -3*s, -5*s - l + 24795 = 82018. Is s/(-12) + 1/((-9)/6) prime?
True
Let d(r) = 97*r**2 + 4*r - 19. Let w = -28 + 31. Is d(w) composite?
True
Suppose m + 3 = 3*i + 4*m, 3*i = -4*m + 2. Suppose 11*g - 17*g = 0. Suppose g = -4*q + f + 3197, 2*f - 1597 = -i*q + f. Is q prime?
False
Let k(y) = -3*y**3 - 6*y**2 + 2*y - 2. Let z(v) = -v**3 - 3*v**2 + v - 1. Let i(o) = -2*k(o) + 5*z(o). Let p be i(3). Is (p/6)/(8/27624) a composite number?
False
Let z(j) = -j**3 - 21*j**2 + 80*j + 35. Is z(-34) composite?
False
Suppose -5*s + 3*o = -10261, 5*o - 2059 = -s + 9*o. Is s composite?
True
Let k(a) = 1708*a**3 - 3*a**2 - 5*a + 7. Is k(2) prime?
True
Let d(u) = -u**2 - 10. Let g be d(5). Let n = -92 + -2. Let w = g - n. Is w a composite number?
False
Suppose 2*w + 160 = 4*z - w, -5*z - 2*w + 200 = 0. Let p = z + 19. Is p composite?
False
Let t be 0 - (-1)/(1/10). Suppose -5*o = x - t, -4*x + 16 = 3*o - 7. Suppose 89 = l + 5*i, x*l - 5*i - 158 = 197. Is l composite?
True
Is 44/3*381030/520 a composite number?
True
Suppose -7*q + 268 = -3*q. Suppose -4*r = -q + 27. Is (-24)/60 + 334/r prime?
False
Suppose 0 = -4*w + z + 13, w + 2*z - 7 = -2*w. Suppose 2*f + w = f. Is f*1 - 124/(-2) composite?
False
Is ((-35)/20 - -2) + 29635/4 composite?
True
Let n(b) = 13*b + 96. Is n(22) prime?
False
Let i be (6/(-4))/((-18)/60). Suppose 10 + 74 = 4*h - i*c, 4*c + 114 = 5*h. Is (-14)/(-91) + 19366/h a prime number?
False
Let j be (-11)/2 + (-3)/6. Let p(x) be the second derivative of -3*x**5/20 - x**4/2 - x**3/2 - x**2/2 + 16*x. Is p(j) a prime number?
True
Is 3 + 300*2354/33 prime?
False
Let y = -1339 + 3972. Is y composite?
False
Suppose -13270 = -2*v - b, 5*v - 8*b + 10*b - 33177 = 0. Is v prime?
True
Let a be 1*1*(-1 - -5). Suppose 2093 + 1879 = a*o. Let h = o + -646. Is h prime?
True
Let k(r) = r**2 + r - 1. Let m be k(6). Let a = m - 28. Let j(q) = 36*q + 19. Is j(a) a composite number?
False
Let q(u) = -u**3 - 12*u**2 + 13*u - 1. Let v be q(-13). Is v/6*-2*435 composite?
True
Let p be 4/(-10) + (-48)/5. Let q = p - -10. Let w(k) = k + 877. Is w(q) a prime number?
True
Let p(a) = -2*a**2 - 9*a + 5. Let d be p(-5). Let o be (-8)/((d + -2)/(-2)). Let g(f) = 3*f**2 + 7*f - 3. Is g(o) a composite number?
True
Suppose -5*r - 17 = -1732. Suppose -r = -5*q + 1172. Is q composite?
True
Let h be 53764/14 - (-6)/(-21). Let f = 5489 - h. Is f prime?
False
Let h be ((-20)/3)/((42/333)/(-7)). Let m = 1377 - h. Is m a prime number?
False
Let f = 5536 + 1325. Is f composite?
True
Let n(a) = 8*a**3 + 5*a**2 - 4*a - 3. Is n(4) a composite number?
True
Let j(g) = 47*g + 1. Let l(k) = -282*k + 235. Let o(m) = m - 1. Let i(n) = l(n) + 235*o(n). Let w(d) = 2*i(d) + 3*j(d). Is w(2) prime?
True
Let l = -457 + 788. Is l prime?
True
Let a(h) = 2*h**2 - 45*h + 161. Is a(42) a prime number?
False
Is (0/3 - -409)/((-9)/(-63)) composite?
True
Let r(w) = 4127*w - 174. Is r(13) prime?
False
Let g be (0 - 7)/(-1)*-1. Let a(v) = 9*v + 5. Let b be a(g). Let i = 115 + b. Is i prime?
False
Let t be (2 - 284) + 2 + -2. Let b = -24 - -151. Let n = b - t. Is n a prime number?
True
Let w be 4/(20/381)*(10 - 5). Let b = w - 166. Is b a prime number?
False
Let d be (10/6)/(5/15). Suppose -5*l + 6808 = d*z - 2*z, -2*l + 2726 = 4*z. Is l prime?
True
Suppose -5*z - 3*l + 2927 = 0, 403 = z - l - 184. Is z a prime number?
False
Suppose -2*r = -3*u - 1075, -19 = -2*u - 5*r - 704. Let k = -64 - u. Let y = k + 2. Is y a prime number?
True
Suppose -9*j - 4*j = -125437. Is j a prime number?
True
Suppose -4*v + 5080 = -2*r + 36832, 0 = -5*r + 2*v + 79340. Is r a composite number?
True
Is (-1 + (-108712)/16)*(0 + -2) a prime number?
True
Let a = 68375 